{"id":1005,"date":"2022-06-01T19:24:44","date_gmt":"2022-06-01T19:24:44","guid":{"rendered":"https:\/\/moycullenbasketball.com\/?page_id=1005"},"modified":"2024-09-03T20:44:30","modified_gmt":"2024-09-03T20:44:30","slug":"registration","status":"publish","type":"page","link":"https:\/\/moycullenbasketball.com\/?page_id=1005","title":{"rendered":"REGISTRATION"},"content":{"rendered":"\n<p>Registration for the 2024\/2025 season with Cumann Cispheile Mhaigh Cuilinn. <em>T\u00e1 cl\u00e1r\u00fa oscailte anois do sh\u00e9as\u00far 2024\/2025 le Cumann Cispheile Mhaigh Cuilinn<\/em><\/p>\n\n\n\n<p><a href=\"https:\/\/moycullenbasketballclub.clubforce.com\/products\/membership?id=955c899a-a4a5-4d16-9833-3697d93e0706\"><strong>To Register, click here \/ Chun cl\u00e1r\u00fa, clice\u00e1il anseo<\/strong>.<\/a><\/p>\n\n\n\n<p><a href=\"https:\/\/moycullenbasketballclub.clubforce.com\/products\/membership?id=e9caefb0-cc58-44b6-91f2-a9fdf61ba06f\">Click here to order a Club T-Shirt<\/a><\/p>\n\n\n\n<p><a href=\"#AgeGroups\">To find out what age group your child should sign up, click here<\/a><\/p>\n\n\n\n<p><strong>Important Information:<\/strong><\/p>\n\n\n\n<ul class=\"wp-block-list\">\n<li><strong>Family Bundle<\/strong> &#8211; make sure you select Family Bundle to avail of the capped fee of \u20ac400 per family.<\/li>\n\n\n\n<li>Option to buy a <strong>club t-shirt<\/strong> \u20ac10.<\/li>\n\n\n\n<li><strong>Clubforce  Connect <\/strong>app must be installed all team messages will be communicated via app<\/li>\n\n\n\n<li>The <strong>training times <\/strong>for teams are set out below some to be confirmed, messages will sent prior to first training session.<\/li>\n\n\n\n<li>August start date for older teams, younger players return the start of September.<\/li>\n\n\n\n<li>For ages U10+ Registration fee includes team training, Street League &amp; Club Academy sessions.<\/li>\n\n\n\n<li><strong>Street League<\/strong> &#8211; Social Sunday afternoon games where players all ages and ability can take part to enjoy playing Basketball. Games will be 30 mins, the U10-12 group play cross court, U13-U15 and U16-U18 games full court. (open to members, do not need to be going to morning academy sessions to attend)<\/li>\n\n\n\n<li><strong>Club Academy<\/strong> &#8211; This will be a higher level training catered to more advanced Basketball than regular team training sessions. Optional\\additional sessions, open to all players but not compulsory for team training or street league. <\/li>\n<\/ul>\n\n\n\n<p><strong><em>Session Times<\/em><\/strong> (<strong>note &#8211;  <\/strong>time, location, venue or coach may change depending on number of players registered.)<\/p>\n\n\n\n<figure class=\"wp-block-table alignwide\"><table><tbody><tr><td><strong>Group<\/strong><\/td><td><strong>Age<\/strong><\/td><td><strong>Coach<\/strong><\/td><td><strong>Year Birth<\/strong><\/td><td><strong>Location<\/strong><\/td><td class=\"has-text-align-left\" data-align=\"left\"><strong>Training Day<\/strong><\/td><td><strong>Time<\/strong><\/td><td><\/td><\/tr><tr><td><mark style=\"background-color:rgba(0, 0, 0, 0)\" class=\"has-inline-color has-luminous-vivid-orange-color\"><em>Girls\/Boys<\/em><\/mark><\/td><td><em><mark style=\"background-color:rgba(0, 0, 0, 0)\" class=\"has-inline-color has-luminous-vivid-orange-color\">10+<\/mark><\/em><\/td><td><em><mark style=\"background-color:rgba(0, 0, 0, 0)\" class=\"has-inline-color has-luminous-vivid-orange-color\">Club Academy<\/mark><\/em><br><mark style=\"background-color:rgba(0, 0, 0, 0)\" class=\"has-inline-color has-luminous-vivid-orange-color\">Academy <em>U10-U12<br>Academy U13-U15<br>Academy U16-U18<\/em><\/mark><\/td><td><\/td><td><em><mark style=\"background-color:rgba(0, 0, 0, 0)\" class=\"has-inline-color has-luminous-vivid-orange-color\">Killannin<\/mark><\/em><\/td><td class=\"has-text-align-left\" data-align=\"left\"><em><mark style=\"background-color:rgba(0, 0, 0, 0)\" class=\"has-inline-color has-luminous-vivid-orange-color\">Sunday<\/mark><\/em><br> <br><mark style=\"background-color:rgba(0, 0, 0, 0)\" class=\"has-inline-color has-luminous-vivid-orange-color\">Boys start Oct 6th <br>Girls start Oct 13th<\/mark><br><\/td><td> <mark style=\"background-color:rgba(0, 0, 0, 0)\" class=\"has-inline-color has-luminous-vivid-orange-color\"> <br><em>9:30-11<\/em><br>11-12:30pm<br>12:30-2pm<\/mark><\/td><td><\/td><\/tr><tr><td><mark style=\"background-color:rgba(0, 0, 0, 0)\" class=\"has-inline-color has-luminous-vivid-orange-color\"><em>Girls\/Boys<\/em><\/mark><\/td><td><em><mark style=\"background-color:rgba(0, 0, 0, 0)\" class=\"has-inline-color has-luminous-vivid-orange-color\">10+<\/mark><\/em><\/td><td><mark style=\"background-color:rgba(0, 0, 0, 0)\" class=\"has-inline-color has-luminous-vivid-orange-color\">Street League<\/mark><\/td><td><\/td><td><mark style=\"background-color:rgba(0, 0, 0, 0)\" class=\"has-inline-color has-luminous-vivid-orange-color\">Killannin<\/mark><\/td><td class=\"has-text-align-left\" data-align=\"left\"><mark style=\"background-color:rgba(0, 0, 0, 0)\" class=\"has-inline-color has-luminous-vivid-orange-color\">Sunday<br>Boys start Oct 6th <br>Girls start Oct 13th<\/mark><\/td><td><mark style=\"background-color:rgba(0, 0, 0, 0)\" class=\"has-inline-color has-luminous-vivid-orange-color\">2-5pm<\/mark><\/td><td><\/td><\/tr><tr><td>Boys<\/td><td>U7&amp; U8<\/td><td>Paul O&#8217;Brien<\/td><td>2018\/7<\/td><td>Killannin<\/td><td class=\"has-text-align-left\" data-align=\"left\">Saturday<\/td><td>2PM-3PM <\/td><td><\/td><\/tr><tr><td>Girls<\/td><td>U7 &amp; U8<\/td><td>Paul O&#8217;Brien<\/td><td>2018\/7<\/td><td>Killannin<\/td><td class=\"has-text-align-left\" data-align=\"left\">Saturday<\/td><td>1PM-2PM<\/td><td><\/td><\/tr><tr><td>Boys &amp; Girls <\/td><td>U9<\/td><td>Paul O&#8217;Brien<\/td><td>2016<\/td><td>Killannin<\/td><td class=\"has-text-align-left\" data-align=\"left\">Saturday <\/td><td>12-1PM<\/td><td><\/td><\/tr><tr><td>Boys<\/td><td>U10<\/td><td>Dara Canavan<\/td><td>2015<\/td><td>Boleybeg<br>H91WY28<br><\/td><td class=\"has-text-align-left\" data-align=\"left\">Wednesday<\/td><td>6:30-7:30PM<\/td><td><\/td><\/tr><tr><td>Girls<\/td><td>U10<\/td><td>Loretta N\u00ed Ghabh\u00e1in \/ Sinead Monaghan<\/td><td>2015<\/td><td>Halla Mor<\/td><td class=\"has-text-align-left\" data-align=\"left\">Friday<\/td><td>4:00-5:00PM<\/td><td><\/td><\/tr><tr><td>Boys<\/td><td>U11<\/td><td>Conor Feeney<\/td><td>2014<\/td><td>Boleybeg<br>H91WY28<\/td><td class=\"has-text-align-left\" data-align=\"left\">Tuesday<\/td><td>6-7 pm<\/td><td><\/td><\/tr><tr><td>Girls<\/td><td>U11<\/td><td>Siobhan Doran<\/td><td>2014<\/td><td>Boleybeg<br>H91WY28<\/td><td class=\"has-text-align-left\" data-align=\"left\">Thursday <\/td><td>6-7 PM<\/td><td><\/td><\/tr><tr><td>Boys&nbsp;<\/td><td>U12<\/td><td>Rory Monaghan<\/td><td>2013<\/td><td>Salerno<br>H91D9H3<\/td><td class=\"has-text-align-left\" data-align=\"left\">Tuesday<\/td><td>5:30pm &#8211; 7pm<\/td><td><\/td><\/tr><tr><td>Girls<\/td><td>U12<\/td><td>Maeve Mitchell<\/td><td>2013<\/td><td>Boleybeg<br>H91WY28<\/td><td class=\"has-text-align-left\" data-align=\"left\">Thursday<\/td><td>7-8PM<\/td><td><\/td><\/tr><tr><td>Boys<\/td><td>U13<\/td><td>Eoghan Kelly<\/td><td>2012<\/td><td>Jes<br>H91N732<\/td><td class=\"has-text-align-left\" data-align=\"left\">Monday<\/td><td>6-7:30 pm<\/td><td><\/td><\/tr><tr><td>Girls<\/td><td>U13<\/td><td>Noelle Steele<\/td><td>2012<\/td><td>Salerno<br>H91D9H3<\/td><td class=\"has-text-align-left\" data-align=\"left\">Friday<\/td><td>5:30 &#8211; 7pm<\/td><td><\/td><\/tr><tr><td>Boys<\/td><td>U14<br>White<\/td><td>Paul O&#8217;Brien<\/td><td>2011<\/td><td>St Marys<br><\/td><td class=\"has-text-align-left\" data-align=\"left\">Monday<br><\/td><td>5:30 &#8211; 7PM<br><\/td><td><\/td><\/tr><tr><td>Boys<\/td><td>U14<br>Green<\/td><td>Paul O&#8217;Brien<\/td><td>2011<\/td><td>TBC<\/td><td class=\"has-text-align-left\" data-align=\"left\">TBC<\/td><td>TBC<\/td><td><\/td><\/tr><tr><td>Girls<\/td><td>U14<\/td><td>Fionn Shelly<\/td><td>2011<\/td><td>Jes<br>H91N732<\/td><td class=\"has-text-align-left\" data-align=\"left\">Friday<\/td><td>6PM-7:30<\/td><td><\/td><\/tr><tr><td>Boys<\/td><td>U15<\/td><td>James Cleary \/ Sean Hynes<\/td><td>2010<\/td><td>Cappagh<br>Salerno<\/td><td class=\"has-text-align-left\" data-align=\"left\">Monday<br>Tuesday<\/td><td>5:30-7pm<br>7-8:30pm<\/td><td><\/td><\/tr><tr><td>Girls<\/td><td>U15<\/td><td>Lala Lopez<\/td><td>2010<\/td><td>St Marys<\/td><td class=\"has-text-align-left\" data-align=\"left\">Tuesday <\/td><td>5:30PM &#8211; 7PM<\/td><td><\/td><\/tr><tr><td>Boys<\/td><td>U16<\/td><td>Mairtin O Conghaile<\/td><td>2009<\/td><td>Salerno<br>H91D9H3<\/td><td class=\"has-text-align-left\" data-align=\"left\"> Friday <\/td><td>7-10pm (two groups)<\/td><td><\/td><\/tr><tr><td>Girls<\/td><td> U16<\/td><td>Nollaig Cunningham<\/td><td>2009<\/td><td>St Marys<\/td><td class=\"has-text-align-left\" data-align=\"left\">Tuesday<\/td><td>5:30PM &#8211; 7PM<\/td><td><\/td><\/tr><tr><td>Boys<\/td><td>U17<\/td><td>Ger Lyons<\/td><td>2008<\/td><td>Jes<\/td><td class=\"has-text-align-left\" data-align=\"left\">Wed<\/td><td>6-7:30 pm<\/td><td><\/td><\/tr><tr><td>Girls<\/td><td>U17<\/td><td>Mikaela Dodig<\/td><td>2008<\/td><td>TBC<\/td><td class=\"has-text-align-left\" data-align=\"left\">TBC<\/td><td>TBC<\/td><td><\/td><\/tr><tr><td>Boys<\/td><td>U18<\/td><td>Paul O&#8217;Brien<\/td><td>2007<\/td><td>Salerno<br>H91D9H3<\/td><td class=\"has-text-align-left\" data-align=\"left\">Tuesday<\/td><td>8:30-10pm<\/td><td><\/td><\/tr><tr><td>Girls<\/td><td>U18<\/td><td>Grant Olsson<\/td><td>2007<\/td><td>Salerno<br>H91D9H3<\/td><td class=\"has-text-align-left\" data-align=\"left\">Sunday<\/td><td>5:30PM-7PM<\/td><td><\/td><\/tr><\/tbody><\/table><\/figure>\n\n\n\n<p>Cispheil Cairdeas Craic<\/p>\n\n\n\n<p>\u26f9\ud83c\udfff\u200d\u2640\ufe0f\u26f9\ud83c\udffb\u200d\u2642\ufe0f\u26f9\u200d\u2640\ufe0f\u26f9\ud83c\udffe\u200d\u2642\ufe0f<\/p>\n\n\n\n<hr class=\"wp-block-separator has-css-opacity\"\/>\n\n\n\n<h2 class=\"wp-block-heading\" id=\"AgeGroups\">What Age Should My Child Sign Up To?<\/h2>\n\n\n\n<figure class=\"wp-block-table aligncenter is-style-stripes\"><table class=\"has-black-color has-white-background-color has-text-color has-background\"><thead><tr><th>Year of Birth<br>of Player<\/th><th>Age Group <br>for 2024\/2025 Season<\/th><\/tr><\/thead><tbody><tr><td>2017\/2018<\/td><td>U7\/8 Boys &amp; Girls<\/td><\/tr><tr><td><br>2016<\/td><td>U9 Boys or Girls<\/td><\/tr><tr><td>2015<\/td><td>U10 Boys or Girls <\/td><\/tr><tr><td>2014<\/td><td>U11 Boys or Girls <\/td><\/tr><tr><td>2013<\/td><td>U12 Boys or Girls <\/td><\/tr><tr><td>2012<\/td><td>U13 Boys or Girls <\/td><\/tr><tr><td>2011<\/td><td>U14 Boys or Girls <\/td><\/tr><tr><td>2010<\/td><td>U15 Boys or Girls <\/td><\/tr><tr><td>2009<\/td><td>U16 Boys or Girls <\/td><\/tr><tr><td>2008<\/td><td>U17 Boys or Girls <\/td><\/tr><tr><td>2007<\/td><td>U18 Boys or Girls <\/td><\/tr><tr><td>2005 or 2006<\/td><td>U20 Men or Women<\/td><\/tr><\/tbody><\/table><\/figure>\n","protected":false},"excerpt":{"rendered":"<p>Registration for the 2024\/2025 season with Cumann Cispheile Mhaigh Cuilinn. T\u00e1 cl\u00e1r\u00fa oscailte anois do sh\u00e9as\u00far 2024\/2025 le Cumann Cispheile Mhaigh Cuilinn To Register, click here \/ Chun cl\u00e1r\u00fa, clice\u00e1il anseo. Click here to order a Club T-Shirt To find out what age group your child should sign up, click here Important Information: Session Times (note &#8211; time, location, venue or coach may change depending on number of players registered.) Group Age Coach Year Birth Location Training Day Time Girls\/Boys 10+ Club AcademyAcademy U10-U12Academy U13-U15Academy U16-U18 Killannin Sunday Boys start Oct 6th Girls start Oct 13th 9:30-1111-12:30pm12:30-2pm Girls\/Boys 10+ Street\u2026<\/p>\n","protected":false},"author":1,"featured_media":0,"parent":0,"menu_order":0,"comment_status":"closed","ping_status":"closed","template":"","meta":{"tpgb_global_settings":"","footnotes":""},"class_list":["post-1005","page","type-page","status-publish","hentry"],"blocksy_meta":{"styles_descriptor":{"styles":{"desktop":"","tablet":"","mobile":""},"google_fonts":[],"version":5},"page_title_panel":"","has_hero_section":"default","8d50d2b2012bd2288145dbe0d834c0b6":"","hero_section":"type-1","hero_elements":[{"id":"custom_title","enabled":true,"heading_tag":"h1","title":"Home"},{"id":"custom_description","enabled":true,"description_visibility":{"desktop":true,"tablet":true,"mobile":false}},{"id":"custom_meta","enabled":false,"meta_elements":[{"id":"author","enabled":true,"label":"By","has_author_avatar":"yes","avatar_size":25},{"id":"post_date","enabled":true,"label":"On","date_format_source":"default","date_format":"M j, Y"},{"id":"updated_date","enabled":false,"label":"On","date_format_source":"default","date_format":"M j, Y"},{"id":"categories","enabled":false,"label":"In","style":"simple"},{"id":"comments","enabled":true}],"page_meta_elements":{"joined":true,"articles_count":true,"comments":true}},{"id":"breadcrumbs","enabled":false}],"2ab5da00ea1c61a4226297e78e824603":"","hero_alignment1":"CT_CSS_SKIP_RULE","hero_margin":40,"hero_alignment2":"center","hero_vertical_alignment":"center","6e9a8e53e15e5e4e700b679ba3c09a9c":"","hero_structure":"narrow","564c209570b9981d930b65db34c0b813":"","page_title_bg_type":"featured_image","custom_hero_background":{"attachment_id":null},"page_title_image_size":"full","parallax":{"desktop":false,"tablet":false,"mobile":false},"e19dd4d1f230791b140463ce7761c410":"","hero_height":"250px","pageTitleFont":{"family":"Default","variation":"Default","size":"30px","line-height":"CT_CSS_SKIP_RULE","letter-spacing":"CT_CSS_SKIP_RULE","text-transform":"CT_CSS_SKIP_RULE","text-decoration":"CT_CSS_SKIP_RULE"},"pageTitleFontColor":{"default":{"color":"CT_CSS_SKIP_RULEDEFAULT"}},"pageMetaFont":{"family":"Default","variation":"n6","size":"12px","line-height":"1.3","letter-spacing":"CT_CSS_SKIP_RULE","text-transform":"uppercase","text-decoration":"CT_CSS_SKIP_RULE"},"pageMetaFontColor":{"default":{"color":"CT_CSS_SKIP_RULEDEFAULT"},"hover":{"color":"CT_CSS_SKIP_RULEDEFAULT"}},"page_meta_button_type_font_colors":{"default":{"color":"CT_CSS_SKIP_RULEDEFAULT"},"hover":{"color":"CT_CSS_SKIP_RULEDEFAULT"}},"page_meta_button_type_background_colors":{"default":{"color":"CT_CSS_SKIP_RULEDEFAULT"},"hover":{"color":"CT_CSS_SKIP_RULEDEFAULT"}},"pageExcerptFont":{"family":"Default","variation":"Default","size":"CT_CSS_SKIP_RULE","line-height":"CT_CSS_SKIP_RULE","letter-spacing":"CT_CSS_SKIP_RULE","text-transform":"CT_CSS_SKIP_RULE","text-decoration":"CT_CSS_SKIP_RULE"},"pageExcerptColor":{"default":{"color":"CT_CSS_SKIP_RULEDEFAULT"}},"breadcrumbsFont":{"family":"Default","variation":"Default","size":"CT_CSS_SKIP_RULE","line-height":"CT_CSS_SKIP_RULE","letter-spacing":"CT_CSS_SKIP_RULE","text-transform":"CT_CSS_SKIP_RULE","text-decoration":"CT_CSS_SKIP_RULE"},"breadcrumbsFontColor":{"default":{"color":"CT_CSS_SKIP_RULEDEFAULT"},"initial":{"color":"CT_CSS_SKIP_RULEDEFAULT"},"hover":{"color":"CT_CSS_SKIP_RULEDEFAULT"}},"pageTitleOverlay":{"background_type":"color","background_pattern":"type-1","background_image":{"attachment_id":null,"x":0,"y":0},"gradient":"linear-gradient(135deg,rgba(6,147,227,1) 0%,rgb(155,81,224) 100%)","background_repeat":"repeat","background_size":"auto","background_attachment":"scroll","patternColor":{"default":{"color":"#e5e7ea"}},"overlayColor":{"default":{"color":"CT_CSS_SKIP_RULE"}},"backgroundColor":{"default":{"color":"CT_CSS_SKIP_RULE"}}},"pageTitleBackground":{"background_type":"color","background_pattern":"type-1","background_image":{"attachment_id":null,"x":0,"y":0},"gradient":"linear-gradient(135deg,rgba(6,147,227,1) 0%,rgb(155,81,224) 100%)","background_repeat":"repeat","background_size":"auto","background_attachment":"scroll","patternColor":{"default":{"color":"#e5e7ea"}},"overlayColor":{"default":{"color":"CT_CSS_SKIP_RULE"}},"backgroundColor":{"default":{"color":"var(--paletteColor6)"}}},"pageTitlePadding":{"top":"50px","bottom":"50px","left":"auto","right":"auto","linked":true},"f10a0513d72ccd4c3d84c2e897622682":"","page_structure_type":"type-3","0c427ba5883147cb7bffd2a0dcd11b68":"","content_style_source":"inherit","content_style":"wide","vertical_spacing_source":"inherit","content_area_spacing":"both","background":{"background_type":"color","background_pattern":"type-1","background_image":{"attachment_id":null,"x":0,"y":0},"gradient":"linear-gradient(135deg,rgba(6,147,227,1) 0%,rgb(155,81,224) 100%)","background_repeat":"repeat","background_size":"auto","background_attachment":"scroll","patternColor":{"default":{"color":"#e5e7ea"}},"overlayColor":{"default":{"color":"CT_CSS_SKIP_RULE"}},"backgroundColor":{"default":{"color":"CT_CSS_SKIP_RULE"}}},"content_background":{"background_type":"color","background_pattern":"type-1","background_image":{"attachment_id":null,"x":0,"y":0},"gradient":"linear-gradient(135deg,rgba(6,147,227,1) 0%,rgb(155,81,224) 100%)","background_repeat":"repeat","background_size":"auto","background_attachment":"scroll","patternColor":{"default":{"color":"#e5e7ea"}},"overlayColor":{"default":{"color":"CT_CSS_SKIP_RULE"}},"backgroundColor":{"default":{"color":"var(--paletteColor8)"}}},"content_boxed_shadow":{"inherit":false,"blur":18,"spread":-6,"v_offset":12,"h_offset":0,"inset":false,"enable":true,"color":{"color":"rgba(34, 56, 101, 0.04)"}},"content_boxed_border":{"width":1,"style":"none","color":{"color":"rgba(44,62,80,0.2)"}},"content_boxed_radius":{"top":"3px","bottom":"3px","left":"3px","right":"3px","linked":true},"boxed_content_spacing":{"desktop":{"top":"40px","bottom":"40px","left":"40px","right":"40px","linked":true},"tablet":{"top":"35px","bottom":"35px","left":"35px","right":"35px","linked":true},"mobile":{"top":"20px","bottom":"20px","left":"20px","right":"20px","linked":true}},"57d135309121bc86f7c62af8b1e207c2":"","disable_featured_image":"no","disable_share_box":"no","disable_header":"no","disable_footer":"no"},"tpgb_featured_images":null,"tpgb_post_meta_info":{"get_date":"01\/06\/2022","author_name":"Moycullen Admin","author_url":"https:\/\/moycullenbasketball.com\/?author=1","author_email":"moycullenbasketball1966@gmail.com","author_website":"http:\/\/moycullenbasketball.com","author_description":"","author_facebook":"","author_twitter":"","author_instagram":"","author_role":["administrator"],"author_avatar":"<img src=\"https:\/\/moycullenbasketball.com\/wp-content\/uploads\/ultimatemember\/1\/profile_photo-190x190.jpg?1778836912\" class=\"gravatar avatar avatar-200 um-avatar um-avatar-uploaded\" width=\"200\" height=\"200\" alt=\"Moycullen Admin\" data-default=\"https:\/\/moycullenbasketball.com\/wp-content\/plugins\/ultimate-member\/assets\/img\/default_avatar.jpg\" onerror=\"if ( ! this.getAttribute('data-load-error') ){ this.setAttribute('data-load-error', '1');this.setAttribute('src', this.getAttribute('data-default'));}\" loading=\"lazy\" \/>","comment_count":0,"post_likes":0,"post_views":0},"tpgb_post_category":[],"_links":{"self":[{"href":"https:\/\/moycullenbasketball.com\/index.php?rest_route=\/wp\/v2\/pages\/1005"}],"collection":[{"href":"https:\/\/moycullenbasketball.com\/index.php?rest_route=\/wp\/v2\/pages"}],"about":[{"href":"https:\/\/moycullenbasketball.com\/index.php?rest_route=\/wp\/v2\/types\/page"}],"author":[{"embeddable":true,"href":"https:\/\/moycullenbasketball.com\/index.php?rest_route=\/wp\/v2\/users\/1"}],"replies":[{"embeddable":true,"href":"https:\/\/moycullenbasketball.com\/index.php?rest_route=%2Fwp%2Fv2%2Fcomments&post=1005"}],"version-history":[{"count":14,"href":"https:\/\/moycullenbasketball.com\/index.php?rest_route=\/wp\/v2\/pages\/1005\/revisions"}],"predecessor-version":[{"id":13435,"href":"https:\/\/moycullenbasketball.com\/index.php?rest_route=\/wp\/v2\/pages\/1005\/revisions\/13435"}],"wp:attachment":[{"href":"https:\/\/moycullenbasketball.com\/index.php?rest_route=%2Fwp%2Fv2%2Fmedia&parent=1005"}],"curies":[{"name":"wp","href":"https:\/\/api.w.org\/{rel}","templated":true}]}}